k be (-3)/(60/16)*-30. Calculate the greatest common divisor of h and k.
12
Let h be -2*8/10*55/(-22). Suppose 3*r + 9*g - 300 = 5*g, -h*r + 3*g = -400. Calculate the highest common factor of 20 and r.
20
Suppose -163 = -30*n + 10397. Calculate the highest common factor of 16 and n.
16
Suppose -74 + 244 = 5*f. What is the greatest common factor of f and 374?
34
Let v = 1182 + -642. Let f = v + -288. Calculate the highest common divisor of f and 36.
36
Suppose -4*c + 3 = -1. Let b = c - 9. Let r(x) = x**3 + 9*x**2 + 5*x - 8. Let g be r(b). Calculate the greatest common divisor of g and 64.
16
Let u = -105 - -248. Suppose h - 154 = -3*m, m + 3*h - 13 = 41. Suppose -4*a = -2*x + 9 - m, 0 = -a + 3*x - 2. Calculate the highest common factor of a and u.
13
Suppose -3*p - 2*p = -115. Let f = -314 - -46. Let j = 452 + f. What is the greatest common divisor of j and p?
23
Let d be -6 - (5 - 23/5)/(2/(-70)). Suppose 2*t = -t + 216. Calculate the greatest common divisor of t and d.
8
Let s = 1319 + -543. What is the greatest common divisor of 97 and s?
97
Let q(r) = r**2 + 14*r + 8. Let g be q(-12). Let b be (g - -123) + (1 - 2*-1). Calculate the highest common factor of 10 and b.
10
Let o be (-14)/6*15*-1. Let u = 1436 + -1431. What is the highest common factor of o and u?
5
Let a(l) = -8*l - 57. Let p be a(-7). Let m be (65/25 + p)/(2/5). Calculate the highest common divisor of m and 36.
4
Suppose -44*f + 7048 + 3472 = -392. Suppose 5*c - 184 = -29. Calculate the greatest common divisor of f and c.
31
Let t be (-40)/(-10)*(-1 + (-3)/(-2)). Let g be t*(30/4 + 5). Let u(i) = -6*i - 2. Let a be u(-2). Calculate the greatest common divisor of a and g.
5
Suppose -3*o + 556 = 4*f, -o - 4*f = -2*o + 196. Let z be -1*3*o/(-4). Suppose 30 = 3*l - z. Calculate the highest common divisor of 19 and l.
19
Let u be (-9)/2*8/(-12). Let a(m) = -m**3 + 5*m**2 + 7*m - 11. Let p be a(6). Let d be 5/(-1) + 3 + p + 16. What is the highest common factor of u and d?
3
Let h be 2/3*135/6. Let y = 33 + -30. Suppose -y*l + 8*l - 75 = 0. What is the highest common factor of l and h?
15
Let g = 12 - 82. Let s be (-5)/2*224/g. Let t be 42/s - 36/(-48). What is the highest common factor of t and 4?
2
Let r(a) = 223*a + 216. Let i be r(5). Calculate the greatest common factor of 11 and i.
11
Let f(n) = -n**3 - 6*n**2 + 8*n + 11. Let r be f(-7). Suppose -r*b = -4*d + 248, -2*b + 10 = -7*b. Calculate the highest common divisor of d and 100.
20
Let a = 166 + -91. Let x = 133 - 43. Let j be ((-2)/3)/((-4)/x). What is the greatest common factor of a and j?
15
Suppose -4*n + 60 = 4*l, l = n - 3*n + 35. Let j be n/(-6)*(-12)/8. Suppose -4*r = -2*o - 0*o - 84, r = j*o + 12. What is the greatest common factor of 2 and r?
2
Let s(g) = -44*g - 47. Let y be s(-6). What is the greatest common divisor of y and 31?
31
Let n = -320 + 385. Calculate the highest common factor of n and 26.
13
Let o(b) = 4*b**2 - b - 2. Let i be o(2). Let y be -32*(-4 - -7 - 6/1). Calculate the highest common divisor of i and y.
12
Let q(j) = j**2 + 54*j + 552. Let m be q(-9). Calculate the highest common divisor of m and 4704.
147
Let z be 1*7 - (-68)/(-34). Let u = -1 + 3. Suppose -z*p + u*k + 81 = 0, 4*p - k = 3*p + 18. Calculate the greatest common divisor of 45 and p.
15
Let n be (5060/35 - 1) + (-4)/7. What is the highest common factor of n and 39?
13
Suppose -2*h - 2*h + 12 = 0. Suppose -798 = -3*o - h*o. Calculate the greatest common factor of 19 and o.
19
Let t = -59 + 136. Let h = -37 + t. Let g(u) = -2*u**3 - 4*u**2 + u. Let p be g(-4). What is the greatest common factor of p and h?
20
Let l(z) = z**2 - 4*z + 5. Let j be l(4). Suppose 0 = j*s - s - 60. Suppose 0*b = -3*b + s. Calculate the highest common divisor of b and 20.
5
Let n be ((-48)/10)/((-56)/980). What is the greatest common factor of n and 28?
28
Suppose 0 = -z + 4*i - 2*i, 10 = 4*z - 3*i. Calculate the greatest common divisor of z and 14.
2
Suppose 560 = 5*k + 210. Let j(v) = -3*v - 11. Let i be j(-7). Calculate the greatest common factor of i and k.
10
Suppose 14*t + 28322 = 48*t. Calculate the greatest common divisor of 49 and t.
49
Let o(k) = -k**3 + 5*k**2 - 10*k + 53. Let c be o(5). What is the highest common divisor of c and 747?
3
Let n = -1357 + 1532. What is the greatest common factor of 75 and n?
25
Suppose 84*l - 92*l = -128. Calculate the greatest common divisor of l and 24.
8
Let w be 2 + -1 + 0 + 12. Let t(x) = -17 - x + 0*x**2 + 0*x**2 + x**2 + 0*x**2. Let c be t(-5). What is the highest common divisor of c and w?
13
Let v = -2 - -21. Suppose 10 = -5*h, 2*h = -2*x - 3*h + 332. Calculate the greatest common factor of v and x.
19
Suppose 6*x - 46 - 2 = 0. Calculate the greatest common divisor of 3 and x.
1
Let b = -10 - -7. Let n be b/(1 - 2*10/17). Calculate the highest common factor of n and 136.
17
Let p(w) = -w - 2. Let u be p(-5). Suppose -3*x - 25 = r - 83, u*x - 4*r - 53 = 0. Let j = -5 + x. Calculate the highest common factor of 21 and j.
7
Suppose 17*f = 12*f + 115. Let a = -1 + 1. Let k = f - a. Calculate the greatest common factor of 23 and k.
23
Let h(d) = 3*d + 7. Let b be h(6). Suppose 0 = -0*x + 3*x + 4*j - 205, -5*x + 3*j = -390. Calculate the greatest common divisor of b and x.
25
Suppose -4*p + 11 = 39. Let s(v) = v**2 + 4*v - 15. Let t be s(p). Suppose -9*n + t*n = -48. What is the highest common factor of n and 64?
16
Suppose 798 = 27*v - 6*v. Suppose -b + 108 = -3*n + 23, 3*n + 313 = 4*b. Calculate the greatest common divisor of v and b.
38
Let q = -219 + 381. Let t be (-2 - -1)/(10/(-5))*q. Calculate the highest common divisor of t and 9.
9
Let v(m) = 489*m - 5. Let o(q) = -122*q + 1. Let w(h) = 9*o(h) + 2*v(h). Let i be w(-1). What is the highest common factor of i and 17?
17
Let z be (4/(-6))/((-25)/825). Let v = z + 4. Calculate the highest common divisor of v and 78.
26
Let b be 16/28 + (4 - (-768)/28). Calculate the greatest common factor of 512 and b.
32
Let z be (324/(-21))/((-8)/56). Calculate the greatest common factor of z and 204.
12
Suppose 2 = 2*b, 3*v = -2*b + 23 - 123. Let c be (-7*6)/(51/v). Calculate the greatest common divisor of c and 112.
28
Suppose -2*p + 2*r = -42, -5*r = 3*p + 2*p - 135. Let h = 44 - p. Let j = h - 14. What is the greatest common factor of 30 and j?
6
Let q be (-78)/4*2/(-3). Let h be 1410/105 - (-12)/(-28). Calculate the greatest common factor of q and h.
13
Let d(s) = -18*s + 2. Let m be d(0). Calculate the highest common divisor of m and 10.
2
Let n(p) = 5*p**2 - 16*p + 11. Let i be n(4). What is the greatest common factor of i and 432?
27
Suppose 2*d - 40 = -6*d. Suppose -r + 28 = n, -7*r + 100 = -4*r - d*n. What is the highest common factor of 10 and r?
10
Let k = 21 + -11. Let v be 36/k*150/45. Calculate the highest common factor of 32 and v.
4
Let f be 1738/7 - (-6)/(-21). Suppose f - 968 = -5*z. Let w = -100 + z. What is the highest common factor of 11 and w?
11
Let i = 22 + -19. Suppose 12 - 54 = -i*c. Calculate the greatest common factor of c and 14.
14
Suppose 0 = -3*f + 2*c + 175, 0 = 4*c + 8. Calculate the greatest common factor of 171 and f.
57
Let b be 6/15 - (-96)/10. Let n = b - 13. Let q(i) = -3*i**3 - i**2 + i + 3. Let c be q(n). Calculate the greatest common factor of 9 and c.
9
Let y be (58/145 + (-117)/5)*-2. Suppose -4*f - 3*c + 73 = -13, 3*c = -5*f + 109. What is the greatest common factor of f and y?
23
Suppose 0*q = 2*q + 2. Let w(i) = -21*i - 2. Let b be w(q). Let m(s) = 8*s + 19. Let c be m(0). What is the greatest common divisor of c and b?
19
Suppose 0 = -2*s + 4*o - 3*o + 89, 2*o = 3*s - 133. Calculate the highest common factor of 85 and s.
5
Let l = 676 + -472. Calculate the greatest common divisor of 255 and l.
51
Let p(z) = z**3 + 4*z**2 - 3*z - 5. Let j be p(-4). Let t(a) = a**2 + 2*a - 14. Let m be t(-9). What is the highest common factor of m and j?
7
Let z(v) = 27*v**3 + v**2 - 6*v. Let b(i) = -27*i**3 - i**2 + 5*i. Let x(w) = -6*b(w) - 5*z(w). Let j be x(1). What is the highest common divisor of j and 7?
7
Let f = 21 + -10. Let p be (-4)/10 - (-12)/5. Suppose -p*v = -v - 22. What is the greatest common divisor of f and v?
11
Let f(z) = 2*z**2. Let a be f(-3). Suppose 0*s = -2*u + 4*s - a, 0 = 3*s - 6. Let t = 20 + u. What is th